+ 14*u**2 - u - 1. Let h be v(-14). What is the greatest common divisor of 26 and h?
13
Suppose 4*k - 2*k = 4. Suppose k*t = 3*t - 110. What is the highest common factor of t and 44?
22
Suppose 1 = -2*l + 5*k, 0 = -2*l + 2*k - 3 + 5. Suppose 5*u - 12 = -l*i, 3*i - 3*u - 56 = -u. What is the greatest common divisor of i and 144?
16
Suppose 2*i + p = 510 + 313, 808 = 2*i - 2*p. Suppose 4*a - 4*x = 576, -2*a + 4*x + i = 121. Let f = a - 53. Calculate the greatest common divisor of 13 and f.
13
Suppose 5*b - 603 - 207 = 0. Calculate the highest common divisor of 18 and b.
18
Suppose 3*i = -2*p + 25 - 2, -3*p - 2*i = -22. Suppose 3*a - 81 - 15 = 0. Calculate the highest common divisor of p and a.
4
Let i = 19 - 6. Suppose 4*z + 38 = k - z, 2*z = 2. Let x = k - 17. Calculate the greatest common factor of i and x.
13
Let s be (1 - 1) + (-4 - -13). Suppose 5*q = 3*w + 2*w - 15, 0 = 2*w + q - s. Calculate the greatest common divisor of 12 and w.
4
Let y(v) = v**3 + 10*v**2 + 8. Let g be y(-10). Calculate the highest common factor of g and 4.
4
Let j = 35 + -17. Let c = -24 + 7. Let h be c/(-2) - (-3)/6. Calculate the highest common factor of j and h.
9
Let d be (-2 - (-1 + -1)) + 1. Let o(y) = -y + 2. Let q be o(0). Suppose -7*i + 20 = -q*i. Calculate the highest common divisor of d and i.
1
Suppose 2*l - 95 = 325. Calculate the greatest common factor of 30 and l.
30
Suppose 2*w = c - 10, 4*c + 3*w - 2*w = 67. What is the greatest common factor of c and 48?
16
Let j = 516 - 243. Calculate the greatest common divisor of j and 39.
39
Suppose 0 = -3*t - 4*p + 75 + 53, 5*p - 169 = -4*t. What is the highest common divisor of 9 and t?
9
Let j(i) = -7*i - 1. Let h be j(-3). Let a be 3*(0 + 2 + 1). Suppose a*x - 50 = 4*x. Calculate the greatest common factor of h and x.
10
Let y be (-3 + 4 - 3)*-7. Suppose 4 - 32 = -2*r. Calculate the highest common factor of r and y.
14
Let b be 30/(-15)*(-21)/2. What is the greatest common divisor of b and 105?
21
Let g = -1 - -27. Calculate the highest common factor of g and 39.
13
Let x = -9 + 15. What is the greatest common factor of x and 66?
6
Let y be ((-5)/(-5))/(3/12). Suppose u = -w - w + 23, -3*w + y*u = -7. Calculate the highest common factor of 45 and w.
9
Let d = 25 + -5. Calculate the highest common factor of 100 and d.
20
Suppose 0 = -2*g + 4*x + 98, 4*g + 3*x = -0*x + 229. Let y = 17 - 12. Calculate the greatest common divisor of y and g.
5
Suppose 4*q + 3*d + d - 108 = 0, -6 = 2*d. What is the highest common factor of q and 20?
10
Let k = -6 - -16. Let i(w) = -3*w + 123. Let u be i(11). What is the greatest common factor of k and u?
10
Let m(f) = -13*f + 1. Let b be m(-2). What is the highest common factor of 81 and b?
27
Let w be (-2)/9 + (-336)/(-54). Calculate the highest common factor of 2 and w.
2
Let w be (3/9 + 1)/((-6)/(-45)). What is the highest common divisor of 110 and w?
10
Suppose -3*n + 5*r = -331, n - r = 4*n - 337. Calculate the highest common divisor of n and 28.
28
Suppose 2*v + 4*t + 11 = v, -3*v + t + 32 = 0. Suppose 0 = 2*r - v - 21. Suppose -r = 3*b - 45. What is the greatest common factor of 25 and b?
5
Let u(y) = -y + 2. Let n be u(1). Let h(q) = -2 + 1 + q**2 + n + 1. Let v be h(-3). What is the greatest common factor of v and 20?
10
Let x = 120 + 34. Calculate the highest common divisor of 14 and x.
14
Let z(w) be the third derivative of 32/3*w**3 + 1/60*w**5 + 0 + 0*w + 2*w**2 + 0*w**4. Let j be z(0). Calculate the greatest common factor of j and 16.
16
Suppose 2*i - 13 = i. What is the greatest common divisor of i and 65?
13
Let d(x) = -12*x + 8. Let w be d(-6). Let l(j) = j**3 - 7*j**2 + 7*j + 4. Let b be l(6). Calculate the highest common factor of b and w.
10
Let u be (12/(-18))/((-2)/60). Suppose -d - 52 = -62. What is the highest common factor of u and d?
10
Let t = 12 + -8. Suppose 0*l - t*l = -20. Suppose -5*g - 4 + 25 = -4*r, -l = -g. Calculate the greatest common factor of r and 1.
1
Let t be (-7)/14*(1 + 5). Let r be 3*(2 + t/9). What is the highest common factor of r and 1?
1
Let f be 7*1 - (9 - 6). Suppose f*o - 32 = -3*m + m, o - 85 = -4*m. Suppose 0 = -2*n + 6*n - 220. Calculate the highest common factor of m and n.
11
Suppose 2*y - 39 = 3*j, 8*j + 15 = 3*j. Suppose -8*k = 2*g - 2*k - 84, -2*g - 5*k + 80 = 0. Calculate the greatest common factor of y and g.
15
Suppose 24 = 2*b - 0*m - m, -59 = -5*b + 3*m. Calculate the highest common divisor of 221 and b.
13
Let u be (-1)/2 - (-10)/(-20). Let r(v) = v**3 - 5*v**2 + 6*v - 4. Let o be r(4). Let d be ((-3)/o)/(u/28). What is the highest common factor of d and 3?
3
Suppose 0 = 3*d + 9 - 0. Let t = 7 + d. Suppose t*m + 0*m - 20 = 0. Calculate the highest common factor of 10 and m.
5
Let q be 1 + -1 + 4/(-1). Let b be -3 - (-4)/(q/(-83)). What is the greatest common divisor of b and 10?
10
Suppose -48 = -7*l + 4*l. Let u(h) = 0*h**2 - h**2 + 2*h**2. Let o be u(-4). Calculate the highest common divisor of o and l.
16
Suppose -3*d - 5*v + 3*v + 61 = 0, -3*d - 5*v + 49 = 0. Calculate the highest common divisor of d and 23.
23
Let i = 22 - -58. Calculate the greatest common divisor of 10 and i.
10
Suppose 3*p - 2*p + 5*r - 21 = 0, 0 = 4*p - 2*r - 150. What is the greatest common divisor of 9 and p?
9
Suppose 2*j = -3*y + 29, -4*j - 3*y + 53 = 2*y. Let q be (1*2)/(6/21). Calculate the greatest common divisor of q and j.
7
Let o = 10 - 6. Suppose 5*x - 4 = -c, -o*c + 8 = -4*x - 104. Calculate the greatest common factor of c and 36.
12
Let j = 312 + -137. Let g = j + -103. Let c = -20 - -29. Calculate the highest common divisor of c and g.
9
Let k(n) = 39*n - 3. Let i be k(2). What is the greatest common factor of 15 and i?
15
Let h = -149 - -253. Calculate the greatest common factor of 13 and h.
13
Let i(p) = 2*p**2 + 3*p - 2. Let j be i(2). Suppose 10*h = 7*h + 99. Suppose h = w + 5*o, -11 = -w - o + 2. Calculate the greatest common factor of w and j.
4
Let a be -1 + -2 + 0 + 37. Let x = a + -20. What is the highest common factor of x and 7?
7
Let v be 10 - (-204)/17*(-2)/6. Calculate the highest common divisor of v and 90.
6
Let m(r) = -3*r + 1. Let v = 4 + -7. Let a be m(v). Let n be a*(72/15 - 2). What is the greatest common factor of 4 and n?
4
Suppose -4*r + 8*x + 247 = 3*x, -r - 3*x + 83 = 0. Suppose 5*p - p = r. What is the highest common divisor of p and 187?
17
Let d = 0 - -3. Let o(a) = 2*a + 4. Let m be o(d). Let f = m - -5. What is the greatest common divisor of 6 and f?
3
Let u be 42 - (1 - 3)/1. Suppose 0 = 3*y - q + 3 - 7, 0 = 4*y + 3*q - 1. Let h be y - (0 + 6)/(-2). Calculate the highest common divisor of u and h.
4
Let d(v) be the second derivative of 3*v - 1/20*v**5 - 9/2*v**2 - 7/6*v**3 + 0 - 1/2*v**4. Let f be d(-6). What is the greatest common divisor of 3 and f?
3
Let s = -23 + 10. Let g = s + 20. Calculate the greatest common factor of g and 21.
7
Let q(i) = -i + 36. Let g be q(26). What is the highest common factor of g and 50?
10
Let f = -64 - -84. What is the highest common divisor of f and 5?
5
Let m = -97 - -165. Calculate the greatest common divisor of m and 17.
17
Let t = 5 + -3. Suppose t*u = -2, 0 = 3*i + 3*u - 16 - 146. Let d = 110 - i. What is the greatest common factor of d and 11?
11
Suppose -3*h - 2*j = 0, 0 = 2*j + 5 + 1. Let d be 41 - (h/1 - -1). What is the highest common factor of d and 57?
19
Suppose 3*f - 13 = 2. Calculate the highest common factor of f and 25.
5
Let k(i) be the first derivative of -i**4/4 - 4*i**3 - 5*i**2 - 15*i + 1. Let q be k(-12). Calculate the highest common divisor of q and 21.
21
Let u = -71 + 80. What is the highest common factor of u and 36?
9
Let k be -3*((-2 - 0) + -3). What is the highest common factor of 5 and k?
5
Let w(z) = 2*z**2 + 5*z. Let c(o) = -o - 11. Let g be c(-7). Let y be w(g). What is the greatest common factor of 36 and y?
12
Suppose 0 = 4*n - 2*p - 72, n - p - 12 - 8 = 0. Calculate the greatest common divisor of n and 48.
16
Suppose -3*m - 16 = -82. What is the highest common factor of 2 and m?
2
Let m(g) = 5*g - 3. Let j be m(2). What is the greatest common factor of 7 and j?
7
Let w = -91 - -109. Let d be 3/3*(143 - -1). Calculate the greatest common factor of w and d.
18
Let n = -14 - -28. Suppose 209 = 2*j - 3*u - 3, 548 = 5*j - 3